*v - 34 = 2*v + i, -4*v = -2*i + 16. Let d(k) be the second derivative of -k + 1/6*k**3 + 1/2*k**2 + 0. Give d(v).
-5
Suppose 0 = 5*a + 2*k - 154, -3*k = -3*a - 2*a + 144. Let q(d) = a*d - 19*d - 19*d. Suppose 1 = 2*h - 3*h. Give q(h).
8
Let q(l) be the first derivative of l**3/3 - 3*l**2/2 - l - 48. Let m be -1*(0/(-3) + -5). Suppose -m = 2*z - 13. Give q(z).
3
Let g(l) = l**2 - 15*l + 30. Suppose -9 = z - 21. Let w be g(z). Let j(n) = -n**2 - 7*n - 9. Calculate j(w).
-3
Let r(o) = -o - 2. Suppose t = 7*t - 24. Give r(t).
-6
Let p(q) = -q**2 - 1. Let w = 433 + -431. What is p(w)?
-5
Let c be 42/5 - 8/20. Let o(u) be the first derivative of -4*u**2 - u**2 + c + 4*u**2. Give o(-6).
12
Let f(r) = -15*r**2 + 9*r. Let k(a) = -8*a**2 + 4*a. Let t(w) = 3*f(w) - 7*k(w). What is t(-1)?
12
Suppose 0 = 4*w + 3*j - 12, 16*w - 14*w = -3*j + 12. Let x(r) = -r**3 - r**2 + 2*r + 4. What is x(w)?
4
Let x(c) = -c + 1 + 7 - c + 2 - 2*c. What is x(4)?
-6
Let v(w) = -2*w**2 - 13*w + 31. Let x(h) = -h**2 - 3*h + 7. Let l(m) = 2*v(m) - 9*x(m). Let u = 13 + -8. Suppose -u*d + 3*d = 4. Determine l(d).
17
Suppose -37*h + 20 = -27*h. Let a(g) = 3*g**2 - 2 - 2*g**2 - 1 - 4*g + 4. Determine a(h).
-3
Let t(l) be the third derivative of l**5/15 + l**4/12 - l**3/6 + 504*l**2. Determine t(4).
71
Let z(g) = g**3 + 41*g**2 + 42*g + 74. Let i be z(-40). Let x(c) = c - 1. Let u(d) = d. Let j(h) = -5*u(h) + 6*x(h). Calculate j(i).
-12
Let c(f) = 11*f - 3. Let n(q) = -20*q + 6. Let l(m) = 11*c(m) + 6*n(m). What is l(12)?
15
Suppose 0 = 20*r - 30*r - 140. Let p(v) = -v**3 - 13*v**2 + 10*v - 13. What is p(r)?
43
Let o(h) be the first derivative of h**5/6 - h**4/12 + h**3/6 + 4*h**2 + 13. Let k(z) be the second derivative of o(z). What is k(1)?
9
Let o(s) = 2*s**2 + 27*s - 132. Let w be o(4). Let q(m) = -m**3 + 9*m**2 - 8*m + 3. Calculate q(w).
3
Let b(a) = a**3 - a - 1. Let s = 12 + -13. Let p(m) = -3*m**3 - m - 3. Let x(r) = s*p(r) + 2*b(r). Calculate x(1).
5
Suppose -25 = 5*h, 0 = -2*m + 5*m + 3*h + 33. Let z(l) = l + 9. What is z(m)?
3
Suppose 5*d - d - 8 = 0. Let j(b) = -76 + 47 + 0*b + 36 + b**3 - d*b - 6*b**2. Suppose -4*o - 4*f = -12, 4*o = f + 37 - 10. What is j(o)?
-5
Let p(o) = -16*o**3 - 41*o**2 - 26*o - 9. Let k(v) = 3*v**3 + 8*v**2 + 5*v + 2. Let t(c) = -11*k(c) - 2*p(c). Suppose 0 = -123*y + 168*y + 50 + 220. Give t(y).
14
Let c(r) = 4*r**2 - 3*r - r - 2*r - 3*r**2 + 8 - r. Let t(j) = -j**3 + 9*j**2 - 6*j - 10. Let l be t(8). Give c(l).
2
Let u = -18 + 25. Let j(y) = u*y**2 - y - y**2 + 6*y + y**3. Let w = -2962 + 2958. What is j(w)?
12
Let z(m) be the first derivative of m + m**2 - 2 - 5/3*m**3. Calculate z(-1).
-6
Let k(g) = g**2 - g + 1. Let a be (-6)/(-8)*(-16)/(-6). Suppose -2*y - 36 = a*y. Let o = -7 - y. Calculate k(o).
3
Let o(t) = -20*t + 380. Let l(i) = 7*i - 132. Let g(y) = -11*l(y) - 4*o(y). What is g(23)?
1
Let f(c) be the third derivative of c**6/120 - c**5/6 - 13*c**4/24 + 8*c**3/3 - 2*c**2. Let t = 234 + -223. Determine f(t).
-6
Let a(q) = 4*q - 6. Let p be 2*(-4)/8 + 3. Let x(t) = t + 2. Let h(o) = p*x(o) - a(o). Determine h(-7).
24
Let a(x) = -x**3 + 7*x**2 - 2*x + 8. Let m be (-1)/5 - 141/(-5). Let o be (-6)/(-9) + (-3 - m/(-3)). Calculate a(o).
-6
Let p(y) be the first derivative of -y**3 + 84. Determine p(2).
-12
Let z(p) = 2*p + 7. Let t = -52 + 47. Determine z(t).
-3
Let x(a) = -2*a**3 - 3*a**2 - 2*a - 1. Let d(u) = u**3 + 11*u**2 - u - 27. Let g be d(-12). Let v = -161 - g. Give x(v).
7
Let d(n) = n**2 - 2*n - 24. Let f(r) = 4*r**2 + 86*r + 48. Let q be f(-21). Determine d(q).
0
Let c(u) = 2*u**2 - 2*u + 2. Let n be c(0). Let a(o) = o**3 + 2 + 2*o**2 - 68*o - 4*o**n + 70*o. Determine a(2).
6
Let q(x) = -2*x**2 + 2*x + 1. Let z be q(2). Let p = z + 5. Suppose 10 - p = 4*m. Let k(f) = 3*f**2 - 2. What is k(m)?
10
Let d(n) = 7*n**2 - n - 3. Let u(g) = 6*g**2 - 3. Let c(x) = 5*d(x) - 6*u(x). Give c(-6).
-3
Let r(d) = -7*d**2 - 23*d - 20. Let s(t) be the first derivative of 20*t**3/3 + 67*t**2/2 + 59*t + 18. Let g(f) = -17*r(f) - 6*s(f). Calculate g(-10).
-4
Let j = 30 + -22. Suppose l + 3*l + j = 0. Let t(r) = -r**3 - 2*r**2 + r. Give t(l).
-2
Let v(g) = 9*g**2 - 13*g - 28. Let o(w) = 4*w**2 - 6*w - 13. Let a(h) = -13*o(h) + 6*v(h). What is a(-1)?
3
Let u(w) = w**3 - 6*w**2 - 2*w - 7. Let k = 9 + -6. Suppose 0 = v - k*v + 12. Calculate u(v).
-19
Let r(d) be the second derivative of -d**4/12 + 5*d**3/6 + 5*d**2/2 - 9*d. Determine r(6).
-1
Let k(h) = -h**3 + h**2 - h - 26. Let t be (-5)/20 + 1/(6 - 2). What is k(t)?
-26
Let v(q) be the second derivative of 5*q**3/6 + 18*q**2 - 438*q. Calculate v(-6).
6
Let o(l) = 16*l + 15*l + 19*l - 56*l + 1. What is o(2)?
-11
Let b(q) = -q**3 - 4*q**2 - q + 10. Suppose -2*w = 2*w - 5*s + 10, 0 = -2*w - 2*s - 14. Calculate b(w).
40
Let r be 4/14 + (-12)/(-7). Suppose -2*a + 3*s - 4*s + 6 = 0, -r*s - 4 = 0. Let y be (-3 + 1)/(a/10). Let v(n) = n**2 + 5*n - 7. Determine v(y).
-7
Let h(q) = -q**2 - 2*q + 10. Let j(l) = l**3 + 45*l**2 - 90*l + 184. Let m be j(-47). What is h(m)?
2
Let f(n) = 30*n + 8. Let j(o) = 1. Let q(w) = -f(w) + 8*j(w). Calculate q(1).
-30
Let a(m) be the second derivative of -m**5/20 - m**4/4 - m**3/2 - m**2 + m + 35. Suppose -4*b = -5*y - 10, 3*b = y - 0*b + 2. Give a(y).
0
Let i be 3/6 + 2/4. Let d(l) be the first derivative of -l**4/2 - l**3/3 + l**2/2 + 4*l + 1. Let p(r) be the first derivative of d(r). Calculate p(i).
-7
Let i(x) = -2*x + 31. Suppose -4*n + 84 = -4*v, -21*v = -4*n - 16*v + 87. What is i(n)?
-5
Suppose 2*s + 4 = 0, s + 0 - 10 = -3*p. Let t(k) be the third derivative of -1/4*k**4 + k**3 + 0 + 0*k + 1/120*k**6 + k**2 - 1/30*k**5. What is t(p)?
14
Let m(w) = w**2 + 7*w + 3. Let r be 18 - (12/4 + -5). Suppose -3*l - 12 = -b, -5*l - b - 8 = r. Calculate m(l).
-7
Let a(k) be the second derivative of 5*k**2 + 0 + 1/6*k**3 + 26*k. Give a(-5).
5
Let i be (304/48)/19*18/(-2). Let r(b) = -11*b + 3. Let c(u) = 5*u - 1. Let g(s) = -7*c(s) - 3*r(s). Give g(i).
4
Let z = -4 - -2. Let l(d) = -5*d**3 - 9*d**2 + 20*d. Let k(f) = -f**3 - 2*f**2 + 8*f + 1. Let m(u) = -3*k(u) + l(u). What is m(z)?
9
Let r(c) = -1 + c**2 - 8*c - 11 - 7. Let t be r(10). Let s(n) = 2*n + 1. Calculate s(t).
3
Suppose t = -2*t + 18. Let w(u) be the second derivative of -u**4/12 + 7*u**3/6 - u**2 - 5*u - 95. Give w(t).
4
Let n(l) = -l**2 - 16*l - 12. Let d(m) = -m**2 - 15*m - 11. Let t(k) = -4*d(k) + 3*n(k). What is t(-11)?
-3
Let z(i) = -11*i**3 + 9*i**2 + 5*i - 2. Let n(o) = -8*o**3 + 8*o**2 + 5*o - 2. Let w(f) = -4*n(f) + 3*z(f). What is w(-4)?
6
Let h(w) = w**3 + 6*w**2 + 5*w - 1. Let c(p) = -p**3 - 7*p**2 - 6*p + 2. Let n(m) = -3*c(m) - 4*h(m). Let v be 372/(-155) - 4/(-10)*1. What is n(v)?
-2
Suppose -13*c + 20*c = 0. Let x(w) = 2*w**2 - 3*w**2 + 0*w + w - 3 - 3. What is x(c)?
-6
Let o = -1399 - -1401. Let u(x) = 15*x + 2. Give u(o).
32
Suppose -2*s + 8 = 2*s. Suppose 2*x + 2 = 4*k, -3*k - 16 = -2*x - s*x. Let y(p) = -2 - 3*p - 2*p + 5*p - p**2 - x*p. Give y(-5).
8
Let k(d) = -2*d**3 + 3*d**2 + 2*d - 1. Let t(f) = 3*f**3 - 4*f**2 - 3*f + 1. Let m(z) = 4*k(z) + 3*t(z). Let q = 24 - 28. Let u be -9 - q/1 - -3. What is m(u)?
-7
Let n(a) = -7*a + 25. Let y be n(3). Let i(d) be the third derivative of 1/60*d**5 + 0*d + 1/6*d**4 - y*d**2 + 0 + 1/6*d**3. Determine i(-3).
-2
Let x(f) be the second derivative of -f**5/20 - f**4/3 - f**3/2 - 4*f**2 - 27*f - 3. What is x(-4)?
4
Let m(g) = -g**2 + 5*g + 1. Suppose -8*p + 9*p - 91 = 0. Suppose -2*b + p = 81. What is m(b)?
1
Let x(v) = -32*v + 7*v - 4 + 14*v + 9*v. Calculate x(7).
-18
Suppose 2*a - 16 = -2*t - 2, -4*t = -5*a + 44. Suppose -a*w = -7*w - 9. Suppose 8*i = 11*i + w. Let b(l) = l. Calculate b(i).
-3
Let m be (8 + -14)*(-2)/4. Let y(k) = -3*k + 0*k + 7*k**2 - k**m - 7 + 0*k. Determine y(6).
11
Let t(g) = -7*g**2 + g - 4. Let z(o) = 3*o**2 + 2. Let m(q) = 2*t(q) + 5*z(q). Calculate m(-4).
10
Let k(v) be the second derivative of v**5/20 - v**4/2 - v**3 - v**2 - 182*v. Calculate k(7).
5
Let h(z) be the first derivative of z**4/4 - 8*z**3/3 + 5*z**2/2 + 4*z - 36. Give h(7).
-10
Let y = -6 + -4. Let a = y - -12. Let x(c) = -c**3 - 30*c**2 + c + 6 - c + 29*c**a - c. Give x(0).
6
Let g(h) = -13*h**2 - 20*h + 19. Let o(a) = -3*a**2 - 5*a + 5. Let v(n) = -2*g(n) + 9*o(n).